{"id":92,"date":"2023-06-27T11:18:56","date_gmt":"2023-06-27T09:18:56","guid":{"rendered":"http:\/\/digigrids.no-ip.org\/wordpress\/aidesocial\/?page_id=92"},"modified":"2026-04-10T22:12:24","modified_gmt":"2026-04-10T20:12:24","slug":"contact-fr","status":"publish","type":"page","link":"https:\/\/www.bdas-wwsb.brussels\/?page_id=92","title":{"rendered":"Contact"},"content":{"rendered":"\t\t<div data-elementor-type=\"wp-page\" data-elementor-id=\"92\" class=\"elementor elementor-92\" data-elementor-post-type=\"page\">\n\t\t\t\t\t\t<section class=\"elementor-section elementor-top-section elementor-element elementor-element-b71ab2a elementor-section-boxed elementor-section-height-default elementor-section-height-default\" data-id=\"b71ab2a\" data-element_type=\"section\" data-e-type=\"section\">\n\t\t\t\t\t\t<div class=\"elementor-container elementor-column-gap-default\">\n\t\t\t\t\t<div class=\"elementor-column elementor-col-50 elementor-top-column elementor-element elementor-element-f514fee\" data-id=\"f514fee\" data-element_type=\"column\" data-e-type=\"column\">\n\t\t\t<div class=\"elementor-widget-wrap elementor-element-populated\">\n\t\t\t\t\t\t<div class=\"elementor-element elementor-element-d58557d elementor-widget elementor-widget-text-editor\" data-id=\"d58557d\" data-element_type=\"widget\" data-e-type=\"widget\" data-widget_type=\"text-editor.default\">\n\t\t\t\t<div class=\"elementor-widget-container\">\n\t\t\t\t\t\t\t\t\t<p>La Boutique de Droit \u00e0 l\u2019aide sociale \u2013 Bruxelles ne d\u00e9livre pas d\u2019information et de conseils juridiques individuels. Pour une aide juridique individuelle de premi\u00e8re ligne en mati\u00e8re de droit \u00e0 l\u2019aide sociale en R\u00e9gion de Bruxelles-Capitale, nous vous invitons \u00e0 vous adresser \u00e0 nos associations partenaires&nbsp;: <a href=\"https:\/\/www.ensemble.be\/?page_id=1020\" target=\"_blank\" rel=\"noopener\">Infor Droits \u2013 Solidarit\u00e9 contre l\u2019exclusion<\/a>, de <a href=\"https:\/\/ladds.be\/\" target=\"_blank\" rel=\"noopener\">l\u2019Atelier des Droits Sociaux<\/a> et de <a href=\"https:\/\/www.freeclinic.be\/\" target=\"_blank\" rel=\"noopener\">la Free Clinic<\/a>.<\/p><p>Vous pouvez n\u00e9anmoins nous contacter pour nous faire parvenir vos remarques individuelles relatives \u00e0 notre site \u00e0 l\u2019adresse suivante&nbsp;:\u00a0<\/p>\t\t\t\t\t\t\t\t<\/div>\n\t\t\t\t<\/div>\n\t\t\t\t<div class=\"elementor-element elementor-element-ef40520 elementor-list-item-link-inline elementor-align-start elementor-icon-list--layout-traditional elementor-widget elementor-widget-icon-list\" data-id=\"ef40520\" data-element_type=\"widget\" data-e-type=\"widget\" data-widget_type=\"icon-list.default\">\n\t\t\t\t<div class=\"elementor-widget-container\">\n\t\t\t\t\t\t\t<ul class=\"elementor-icon-list-items\">\n\t\t\t\t\t\t\t<li class=\"elementor-icon-list-item\">\n\t\t\t\t\t\t\t\t\t\t\t<a href=\"mailto:contact@bdas-wwsb.brussels\" target=\"_blank\" rel=\"nofollow\">\n\n\t\t\t\t\t\t\t\t\t\t\t\t<span class=\"elementor-icon-list-icon\">\n\t\t\t\t\t\t\t<i aria-hidden=\"true\" class=\"fas fa-envelope\"><\/i>\t\t\t\t\t\t<\/span>\n\t\t\t\t\t\t\t\t\t\t<span class=\"elementor-icon-list-text\">contact@bdas-wwsb.brussels<\/span>\n\t\t\t\t\t\t\t\t\t\t\t<\/a>\n\t\t\t\t\t\t\t\t\t<\/li>\n\t\t\t\t\t\t<\/ul>\n\t\t\t\t\t\t<\/div>\n\t\t\t\t<\/div>\n\t\t\t\t<div class=\"elementor-element elementor-element-e3a7972 elementor-widget elementor-widget-text-editor\" data-id=\"e3a7972\" data-element_type=\"widget\" data-e-type=\"widget\" data-widget_type=\"text-editor.default\">\n\t\t\t\t<div class=\"elementor-widget-container\">\n\t\t\t\t\t\t\t\t\t<p>La Boutique de Droit \u00e0 l&rsquo;aide sociale est organis\u00e9e par le Collectif solidarit\u00e9 contre l&rsquo;exclusion &#8211; Bruxelles asbl (NE 0533.787.040).<\/p>\t\t\t\t\t\t\t\t<\/div>\n\t\t\t\t<\/div>\n\t\t\t\t<div class=\"elementor-element elementor-element-b8e4856 elementor-list-item-link-inline elementor-align-start elementor-icon-list--layout-traditional elementor-widget elementor-widget-icon-list\" data-id=\"b8e4856\" data-element_type=\"widget\" data-e-type=\"widget\" data-widget_type=\"icon-list.default\">\n\t\t\t\t<div class=\"elementor-widget-container\">\n\t\t\t\t\t\t\t<ul class=\"elementor-icon-list-items\">\n\t\t\t\t\t\t\t<li class=\"elementor-icon-list-item\">\n\t\t\t\t\t\t\t\t\t\t\t<a href=\"#\">\n\n\t\t\t\t\t\t\t\t\t\t\t\t<span class=\"elementor-icon-list-icon\">\n\t\t\t\t\t\t\t<i aria-hidden=\"true\" class=\"fas fa-map-marker-alt\"><\/i>\t\t\t\t\t\t<\/span>\n\t\t\t\t\t\t\t\t\t\t<span class=\"elementor-icon-list-text\">Chauss\u00e9e de Haecht 51 - 1210 Saint Josse ten Noode<\/span>\n\t\t\t\t\t\t\t\t\t\t\t<\/a>\n\t\t\t\t\t\t\t\t\t<\/li>\n\t\t\t\t\t\t\t\t<li class=\"elementor-icon-list-item\">\n\t\t\t\t\t\t\t\t\t\t\t<a href=\"tel:025359350\" target=\"_blank\" rel=\"nofollow\">\n\n\t\t\t\t\t\t\t\t\t\t\t\t<span class=\"elementor-icon-list-icon\">\n\t\t\t\t\t\t\t<i aria-hidden=\"true\" class=\"fas fa-phone-alt\"><\/i>\t\t\t\t\t\t<\/span>\n\t\t\t\t\t\t\t\t\t\t<span class=\"elementor-icon-list-text\">02 \/ 535 93 50<\/span>\n\t\t\t\t\t\t\t\t\t\t\t<\/a>\n\t\t\t\t\t\t\t\t\t<\/li>\n\t\t\t\t\t\t<\/ul>\n\t\t\t\t\t\t<\/div>\n\t\t\t\t<\/div>\n\t\t\t\t\t<\/div>\n\t\t<\/div>\n\t\t\t\t<div class=\"elementor-column elementor-col-50 elementor-top-column elementor-element elementor-element-9381ac8\" data-id=\"9381ac8\" data-element_type=\"column\" data-e-type=\"column\">\n\t\t\t<div class=\"elementor-widget-wrap elementor-element-populated\">\n\t\t\t\t\t\t<section class=\"elementor-section elementor-inner-section elementor-element elementor-element-9aaccdc noprint elementor-section-boxed elementor-section-height-default elementor-section-height-default\" data-id=\"9aaccdc\" data-element_type=\"section\" data-e-type=\"section\" data-settings=\"{&quot;background_background&quot;:&quot;classic&quot;,&quot;sticky&quot;:&quot;top&quot;,&quot;sticky_on&quot;:[&quot;desktop&quot;,&quot;tablet&quot;],&quot;sticky_offset&quot;:0,&quot;sticky_effects_offset&quot;:0,&quot;sticky_anchor_link_offset&quot;:0}\">\n\t\t\t\t\t\t<div class=\"elementor-container elementor-column-gap-default\">\n\t\t\t\t\t<div class=\"elementor-column elementor-col-100 elementor-inner-column elementor-element elementor-element-f2a5f1f\" data-id=\"f2a5f1f\" data-element_type=\"column\" data-e-type=\"column\">\n\t\t\t<div class=\"elementor-widget-wrap elementor-element-populated\">\n\t\t\t\t\t\t<div class=\"elementor-element elementor-element-a877a58 elementor-widget elementor-widget-spacer\" data-id=\"a877a58\" data-element_type=\"widget\" data-e-type=\"widget\" data-widget_type=\"spacer.default\">\n\t\t\t\t<div class=\"elementor-widget-container\">\n\t\t\t\t\t\t\t<div class=\"elementor-spacer\">\n\t\t\t<div class=\"elementor-spacer-inner\"><\/div>\n\t\t<\/div>\n\t\t\t\t\t\t<\/div>\n\t\t\t\t<\/div>\n\t\t\t\t<div class=\"elementor-element elementor-element-c624393 elementor-widget elementor-widget-image\" data-id=\"c624393\" data-element_type=\"widget\" data-e-type=\"widget\" data-widget_type=\"image.default\">\n\t\t\t\t<div class=\"elementor-widget-container\">\n\t\t\t\t\t\t\t\t\t\t\t\t\t\t\t\t<a href=\"?page_id=92\">\n\t\t\t\t\t\t\t<img fetchpriority=\"high\" decoding=\"async\" width=\"512\" height=\"512\" src=\"https:\/\/www.bdas-wwsb.brussels\/wp-content\/uploads\/2024\/03\/bdas-aidesociale-fr-512.png\" class=\"elementor-animation-grow attachment-full size-full wp-image-2329\" alt=\"Aide sociale &amp; CPAS\" srcset=\"https:\/\/www.bdas-wwsb.brussels\/wp-content\/uploads\/2024\/03\/bdas-aidesociale-fr-512.png 512w, https:\/\/www.bdas-wwsb.brussels\/wp-content\/uploads\/2024\/03\/bdas-aidesociale-fr-512-300x300.png 300w, https:\/\/www.bdas-wwsb.brussels\/wp-content\/uploads\/2024\/03\/bdas-aidesociale-fr-512-150x150.png 150w\" sizes=\"(max-width: 512px) 100vw, 512px\" loading=\"eager\" \/>\t\t\t\t\t\t\t\t<\/a>\n\t\t\t\t\t\t\t\t\t\t\t\t\t\t\t<\/div>\n\t\t\t\t<\/div>\n\t\t\t\t<section class=\"elementor-section elementor-inner-section elementor-element elementor-element-fe572c4 elementor-section-boxed elementor-section-height-default elementor-section-height-default\" data-id=\"fe572c4\" data-element_type=\"section\" data-e-type=\"section\">\n\t\t\t\t\t\t<div class=\"elementor-container elementor-column-gap-default\">\n\t\t\t\t\t<div class=\"elementor-column elementor-col-100 elementor-inner-column elementor-element elementor-element-c5f76d0\" data-id=\"c5f76d0\" data-element_type=\"column\" data-e-type=\"column\">\n\t\t\t<div class=\"elementor-widget-wrap elementor-element-populated\">\n\t\t\t\t\t\t<div class=\"elementor-element elementor-element-c95285e elementor-share-buttons--skin-framed elementor-share-buttons--color-custom elementor-share-buttons--view-icon-text elementor-share-buttons--shape-square elementor-grid-0 elementor-widget elementor-widget-share-buttons\" data-id=\"c95285e\" data-element_type=\"widget\" data-e-type=\"widget\" data-widget_type=\"share-buttons.default\">\n\t\t\t\t<div class=\"elementor-widget-container\">\n\t\t\t\t\t\t\t<div class=\"elementor-grid\">\n\t\t\t\t\t\t\t\t<div class=\"elementor-grid-item\">\n\t\t\t\t\t\t<div class=\"elementor-share-btn elementor-share-btn_print\" role=\"button\" tabindex=\"0\" aria-label=\"Partager sur print\">\n\t\t\t\t\t\t\t\t\t\t\t\t\t\t\t<span class=\"elementor-share-btn__icon\">\n\t\t\t\t\t\t\t\t<i class=\"fas fa-print\" aria-hidden=\"true\"><\/i>\t\t\t\t\t\t\t<\/span>\n\t\t\t\t\t\t\t\t\t\t\t\t\t\t\t\t\t\t\t\t\t\t<div class=\"elementor-share-btn__text\">\n\t\t\t\t\t\t\t\t\t\t\t\t\t\t\t\t\t\t\t<span class=\"elementor-share-btn__title\">\n\t\t\t\t\t\t\t\t\t\tImprimer\t\t\t\t\t\t\t\t\t<\/span>\n\t\t\t\t\t\t\t\t\t\t\t\t\t\t\t\t\t<\/div>\n\t\t\t\t\t\t\t\t\t\t\t\t\t<\/div>\n\t\t\t\t\t<\/div>\n\t\t\t\t\t\t<\/div>\n\t\t\t\t\t\t<\/div>\n\t\t\t\t<\/div>\n\t\t\t\t\t<\/div>\n\t\t<\/div>\n\t\t\t\t\t<\/div>\n\t\t<\/section>\n\t\t\t\t\t<\/div>\n\t\t<\/div>\n\t\t\t\t\t<\/div>\n\t\t<\/section>\n\t\t\t\t\t<\/div>\n\t\t<\/div>\n\t\t\t\t\t<\/div>\n\t\t<\/section>\n\t\t\t\t<\/div>","protected":false},"excerpt":{"rendered":"<p>La Boutique de Droit \u00e0 l\u2019aide sociale \u2013 Bruxelles ne d\u00e9livre pas d\u2019information et de conseils juridiques individuels. Pour une aide juridique individuelle de premi\u00e8re ligne en mati\u00e8re de droit \u00e0 l\u2019aide sociale en R\u00e9gion de Bruxelles-Capitale, nous vous invitons \u00e0 vous adresser \u00e0 nos associations partenaires&nbsp;: Infor Droits \u2013 Solidarit\u00e9 contre l\u2019exclusion, de l\u2019Atelier [&hellip;]<\/p>","protected":false},"author":1,"featured_media":0,"parent":0,"menu_order":8,"comment_status":"closed","ping_status":"closed","template":"elementor_header_footer","meta":{"footnotes":""},"class_list":["post-92","page","type-page","status-publish","hentry"],"_links":{"self":[{"href":"https:\/\/www.bdas-wwsb.brussels\/index.php?rest_route=\/wp\/v2\/pages\/92","targetHints":{"allow":["GET"]}}],"collection":[{"href":"https:\/\/www.bdas-wwsb.brussels\/index.php?rest_route=\/wp\/v2\/pages"}],"about":[{"href":"https:\/\/www.bdas-wwsb.brussels\/index.php?rest_route=\/wp\/v2\/types\/page"}],"author":[{"embeddable":true,"href":"https:\/\/www.bdas-wwsb.brussels\/index.php?rest_route=\/wp\/v2\/users\/1"}],"replies":[{"embeddable":true,"href":"https:\/\/www.bdas-wwsb.brussels\/index.php?rest_route=%2Fwp%2Fv2%2Fcomments&post=92"}],"version-history":[{"count":1,"href":"https:\/\/www.bdas-wwsb.brussels\/index.php?rest_route=\/wp\/v2\/pages\/92\/revisions"}],"predecessor-version":[{"id":28493,"href":"https:\/\/www.bdas-wwsb.brussels\/index.php?rest_route=\/wp\/v2\/pages\/92\/revisions\/28493"}],"wp:attachment":[{"href":"https:\/\/www.bdas-wwsb.brussels\/index.php?rest_route=%2Fwp%2Fv2%2Fmedia&parent=92"}],"curies":[{"name":"wp","href":"https:\/\/api.w.org\/{rel}","templated":true}]}}

<div data-elementor-type="wp-page" data-elementor-id="92" class="elementor elementor-92" data-elementor-post-type="page">
						<section class="elementor-section elementor-top-section elementor-element elementor-element-b71ab2a elementor-section-boxed elementor-section-height-default elementor-section-height-default" data-id="b71ab2a" data-element_type="section" data-e-type="section">
						<div class="elementor-container elementor-column-gap-default">
					<div class="elementor-column elementor-col-50 elementor-top-column elementor-element elementor-element-f514fee" data-id="f514fee" data-element_type="column" data-e-type="column">
			<div class="elementor-widget-wrap elementor-element-populated">
						<div class="elementor-element elementor-element-d58557d elementor-widget elementor-widget-text-editor" data-id="d58557d" data-element_type="widget" data-e-type="widget" data-widget_type="text-editor.default">
				<div class="elementor-widget-container">
									<p>La Boutique de Droit à l’aide sociale – Bruxelles ne délivre pas d’information et de conseils juridiques individuels. Pour une aide juridique individuelle de première ligne en matière de droit à l’aide sociale en Région de Bruxelles-Capitale, nous vous invitons à vous adresser à nos associations partenaires&nbsp;: <a href="https://www.ensemble.be/?page_id=1020" target="_blank" rel="noopener">Infor Droits – Solidarité contre l’exclusion</a>, de <a href="https://ladds.be/" target="_blank" rel="noopener">l’Atelier des Droits Sociaux</a> et de <a href="https://www.freeclinic.be/" target="_blank" rel="noopener">la Free Clinic</a>.</p><p>Vous pouvez néanmoins nous contacter pour nous faire parvenir vos remarques individuelles relatives à notre site à l’adresse suivante&nbsp;: </p>								</div>
				</div>
				<div class="elementor-element elementor-element-ef40520 elementor-list-item-link-inline elementor-align-start elementor-icon-list--layout-traditional elementor-widget elementor-widget-icon-list" data-id="ef40520" data-element_type="widget" data-e-type="widget" data-widget_type="icon-list.default">
				<div class="elementor-widget-container">
							<ul class="elementor-icon-list-items">
							<li class="elementor-icon-list-item">
											<a href="mailto:contact@bdas-wwsb.brussels" target="_blank" rel="nofollow">

												<span class="elementor-icon-list-icon">
							<i aria-hidden="true" class="fas fa-envelope"></i>						</span>
										<span class="elementor-icon-list-text">contact@bdas-wwsb.brussels</span>
											</a>
									</li>
						</ul>
						</div>
				</div>
				<div class="elementor-element elementor-element-e3a7972 elementor-widget elementor-widget-text-editor" data-id="e3a7972" data-element_type="widget" data-e-type="widget" data-widget_type="text-editor.default">
				<div class="elementor-widget-container">
									<p>La Boutique de Droit à l&rsquo;aide sociale est organisée par le Collectif solidarité contre l&rsquo;exclusion &#8211; Bruxelles asbl (NE 0533.787.040).</p>								</div>
				</div>
				<div class="elementor-element elementor-element-b8e4856 elementor-list-item-link-inline elementor-align-start elementor-icon-list--layout-traditional elementor-widget elementor-widget-icon-list" data-id="b8e4856" data-element_type="widget" data-e-type="widget" data-widget_type="icon-list.default">
				<div class="elementor-widget-container">
							<ul class="elementor-icon-list-items">
							<li class="elementor-icon-list-item">
											<a href="#">

												<span class="elementor-icon-list-icon">
							<i aria-hidden="true" class="fas fa-map-marker-alt"></i>						</span>
										<span class="elementor-icon-list-text">Chaussée de Haecht 51 - 1210 Saint Josse ten Noode</span>
											</a>
									</li>
								<li class="elementor-icon-list-item">
											<a href="tel:025359350" target="_blank" rel="nofollow">

												<span class="elementor-icon-list-icon">
							<i aria-hidden="true" class="fas fa-phone-alt"></i>						</span>
										<span class="elementor-icon-list-text">02 / 535 93 50</span>
											</a>
									</li>
						</ul>
						</div>
				</div>
					</div>
		</div>
				<div class="elementor-column elementor-col-50 elementor-top-column elementor-element elementor-element-9381ac8" data-id="9381ac8" data-element_type="column" data-e-type="column">
			<div class="elementor-widget-wrap elementor-element-populated">
						<section class="elementor-section elementor-inner-section elementor-element elementor-element-9aaccdc noprint elementor-section-boxed elementor-section-height-default elementor-section-height-default" data-id="9aaccdc" data-element_type="section" data-e-type="section" data-settings="{&quot;background_background&quot;:&quot;classic&quot;,&quot;sticky&quot;:&quot;top&quot;,&quot;sticky_on&quot;:[&quot;desktop&quot;,&quot;tablet&quot;],&quot;sticky_offset&quot;:0,&quot;sticky_effects_offset&quot;:0,&quot;sticky_anchor_link_offset&quot;:0}">
						<div class="elementor-container elementor-column-gap-default">
					<div class="elementor-column elementor-col-100 elementor-inner-column elementor-element elementor-element-f2a5f1f" data-id="f2a5f1f" data-element_type="column" data-e-type="column">
			<div class="elementor-widget-wrap elementor-element-populated">
						<div class="elementor-element elementor-element-a877a58 elementor-widget elementor-widget-spacer" data-id="a877a58" data-element_type="widget" data-e-type="widget" data-widget_type="spacer.default">
				<div class="elementor-widget-container">
							<div class="elementor-spacer">
			<div class="elementor-spacer-inner"></div>
		</div>
						</div>
				</div>
				<div class="elementor-element elementor-element-c624393 elementor-widget elementor-widget-image" data-id="c624393" data-element_type="widget" data-e-type="widget" data-widget_type="image.default">
				<div class="elementor-widget-container">
																<a href="?page_id=92">
							<img fetchpriority="high" decoding="async" width="512" height="512" src="https://www.bdas-wwsb.brussels/wp-content/uploads/2024/03/bdas-aidesociale-fr-512.png" class="elementor-animation-grow attachment-full size-full wp-image-2329" alt="Aide sociale &amp; CPAS" srcset="https://www.bdas-wwsb.brussels/wp-content/uploads/2024/03/bdas-aidesociale-fr-512.png 512w, https://www.bdas-wwsb.brussels/wp-content/uploads/2024/03/bdas-aidesociale-fr-512-300x300.png 300w, https://www.bdas-wwsb.brussels/wp-content/uploads/2024/03/bdas-aidesociale-fr-512-150x150.png 150w" sizes="(max-width: 512px) 100vw, 512px" loading="eager" />								</a>
															</div>
				</div>
				<section class="elementor-section elementor-inner-section elementor-element elementor-element-fe572c4 elementor-section-boxed elementor-section-height-default elementor-section-height-default" data-id="fe572c4" data-element_type="section" data-e-type="section">
						<div class="elementor-container elementor-column-gap-default">
					<div class="elementor-column elementor-col-100 elementor-inner-column elementor-element elementor-element-c5f76d0" data-id="c5f76d0" data-element_type="column" data-e-type="column">
			<div class="elementor-widget-wrap elementor-element-populated">
						<div class="elementor-element elementor-element-c95285e elementor-share-buttons--skin-framed elementor-share-buttons--color-custom elementor-share-buttons--view-icon-text elementor-share-buttons--shape-square elementor-grid-0 elementor-widget elementor-widget-share-buttons" data-id="c95285e" data-element_type="widget" data-e-type="widget" data-widget_type="share-buttons.default">
				<div class="elementor-widget-container">
							<div class="elementor-grid">
								<div class="elementor-grid-item">
						<div class="elementor-share-btn elementor-share-btn_print" role="button" tabindex="0" aria-label="Partager sur print">
															<span class="elementor-share-btn__icon">
								<i class="fas fa-print" aria-hidden="true"></i>							</span>
																						<div class="elementor-share-btn__text">
																			<span class="elementor-share-btn__title">
										Imprimer									</span>
																	</div>
													</div>
					</div>
						</div>
						</div>
				</div>
					</div>
		</div>
					</div>
		</section>
					</div>
		</div>
					</div>
		</section>
					</div>
		</div>
					</div>
		</section>
				</div>

<p>La Boutique de Droit à l’aide sociale – Bruxelles ne délivre pas d’information et de conseils juridiques individuels. Pour une aide juridique individuelle de première ligne en matière de droit à l’aide sociale en Région de Bruxelles-Capitale, nous vous invitons à vous adresser à nos associations partenaires&nbsp;: Infor Droits – Solidarité contre l’exclusion, de l’Atelier [&hellip;]</p>
