{"id":666,"date":"2023-07-26T12:30:57","date_gmt":"2023-07-26T10:30:57","guid":{"rendered":"http:\/\/digigrids.no-ip.org\/wordpress\/aidesocial\/?page_id=666"},"modified":"2026-04-24T10:45:28","modified_gmt":"2026-04-24T08:45:28","slug":"la-boutique","status":"publish","type":"page","link":"https:\/\/www.bdas-wwsb.brussels\/?page_id=666","title":{"rendered":"La Boutique"},"content":{"rendered":"\t\t<div data-elementor-type=\"wp-page\" data-elementor-id=\"666\" class=\"elementor elementor-666\" data-elementor-post-type=\"page\">\n\t\t\t\t\t\t<section class=\"elementor-section elementor-top-section elementor-element elementor-element-dbbadae elementor-section-boxed elementor-section-height-default elementor-section-height-default\" data-id=\"dbbadae\" data-element_type=\"section\" data-e-type=\"section\">\n\t\t\t\t\t\t<div class=\"elementor-container elementor-column-gap-default\">\n\t\t\t\t\t<div class=\"elementor-column elementor-col-50 elementor-top-column elementor-element elementor-element-c7eaacb\" data-id=\"c7eaacb\" data-element_type=\"column\" data-e-type=\"column\">\n\t\t\t<div class=\"elementor-widget-wrap elementor-element-populated\">\n\t\t\t\t\t\t<div class=\"elementor-element elementor-element-d1c8235 elementor-widget elementor-widget-text-editor\" data-id=\"d1c8235\" data-element_type=\"widget\" data-e-type=\"widget\" data-widget_type=\"text-editor.default\">\n\t\t\t\t<div class=\"elementor-widget-container\">\n\t\t\t\t\t\t\t\t\t<p>La Boutique de Droit \u00e0 l\u2019aide sociale \u2013 Bruxelles met librement \u00e0 disposition un ensemble d\u2019informations et d\u2019outils pour vous aider \u00e0 conna\u00eetre vos droits \u00e0 l\u2019aide du CPAS, \u00e0 introduire une demande d\u2019aide et, au besoin, \u00e0 faire un recours contre une d\u00e9cision d\u2019un CPAS.<\/p><p>Elle vous renseigne \u00e9galement sur l\u2019accompagnement et l\u2019aide juridique dans vos d\u00e9marches dont vous pouvez b\u00e9n\u00e9ficier en r\u00e9gion de Bruxelles-Capitale.<\/p>\t\t\t\t\t\t\t\t<\/div>\n\t\t\t\t<\/div>\n\t\t\t\t<div class=\"elementor-element elementor-element-b153d07 elementor-widget elementor-widget-heading\" data-id=\"b153d07\" data-element_type=\"widget\" data-e-type=\"widget\" data-widget_type=\"heading.default\">\n\t\t\t\t<div class=\"elementor-widget-container\">\n\t\t\t\t\t<h2 class=\"elementor-heading-title elementor-size-default\">... et ses partenaires<\/h2>\t\t\t\t<\/div>\n\t\t\t\t<\/div>\n\t\t\t\t<div class=\"elementor-element elementor-element-62b7929 elementor-widget elementor-widget-text-editor\" data-id=\"62b7929\" data-element_type=\"widget\" data-e-type=\"widget\" data-widget_type=\"text-editor.default\">\n\t\t\t\t<div class=\"elementor-widget-container\">\n\t\t\t\t\t\t\t\t\t<p>La Boutique de Droit \u00e0 l\u2019aide sociale \u2013 Bruxelles est d\u00e9velopp\u00e9e par le Collectif solidarit\u00e9 contre l\u2019exclusion \u2013 Bruxelles en partenariat avec les services d\u2019aide juridique de premi\u00e8re ligne <a href=\"https:\/\/www.ensemble.be\/?page_id=1020\" target=\"_blank\" rel=\"noopener\">Infor Droits \u2013 Solidarit\u00e9 contre l\u2019exclusion<\/a>, de <a href=\"https:\/\/ladds.be\/\" target=\"_blank\" rel=\"noopener\">l\u2019Atelier des Droits Sociaux<\/a> et de <a href=\"https:\/\/www.freeclinic.be\/\" target=\"_blank\" rel=\"noopener\">la Free Clinic<\/a>. Elle vise \u00e0 lutter contre le non recours aux droits et b\u00e9n\u00e9ficie du soutien de <a href=\"https:\/\/www.ccc-ggc.brussels\/fr\" target=\"_blank\" rel=\"noopener\">la Commission communautaire commune<\/a> de la R\u00e9gion de Bruxelles-Capitale.<\/p><p>La Boutique de Droit \u00e0 l\u2019aide sociale \u2013 Bruxelles ne d\u00e9livre pas d\u2019information et de conseils juridiques individuels. Pour une aide juridique individuelle de premi\u00e8re ligne en mati\u00e8re de droit \u00e0 l\u2019aide sociale en R\u00e9gion de Bruxelles-Capitale, nous vous invitons \u00e0 vous adresser \u00e0 nos associations partenaires.<\/p><p>Vous pouvez n\u00e9anmoins nous contacter pour nous faire parvenir vos remarques individuelles relatives \u00e0 notre site \u00e0 l\u2019adresse suivante&nbsp;:<\/p>\t\t\t\t\t\t\t\t<\/div>\n\t\t\t\t<\/div>\n\t\t\t\t<div class=\"elementor-element elementor-element-d29eae4 elementor-list-item-link-inline elementor-align-start elementor-icon-list--layout-traditional elementor-widget elementor-widget-icon-list\" data-id=\"d29eae4\" data-element_type=\"widget\" data-e-type=\"widget\" data-widget_type=\"icon-list.default\">\n\t\t\t\t<div class=\"elementor-widget-container\">\n\t\t\t\t\t\t\t<ul class=\"elementor-icon-list-items\">\n\t\t\t\t\t\t\t<li class=\"elementor-icon-list-item\">\n\t\t\t\t\t\t\t\t\t\t\t<a href=\"mailto:contact@bdas-wwsb.brussels\" target=\"_blank\" rel=\"nofollow\">\n\n\t\t\t\t\t\t\t\t\t\t\t\t<span class=\"elementor-icon-list-icon\">\n\t\t\t\t\t\t\t<i aria-hidden=\"true\" class=\"fas fa-envelope\"><\/i>\t\t\t\t\t\t<\/span>\n\t\t\t\t\t\t\t\t\t\t<span class=\"elementor-icon-list-text\">contact@bdas-wwsb.brussels<\/span>\n\t\t\t\t\t\t\t\t\t\t\t<\/a>\n\t\t\t\t\t\t\t\t\t<\/li>\n\t\t\t\t\t\t<\/ul>\n\t\t\t\t\t\t<\/div>\n\t\t\t\t<\/div>\n\t\t\t\t\t<\/div>\n\t\t<\/div>\n\t\t\t\t<div class=\"elementor-column elementor-col-50 elementor-top-column elementor-element elementor-element-67d4938\" data-id=\"67d4938\" data-element_type=\"column\" data-e-type=\"column\">\n\t\t\t<div class=\"elementor-widget-wrap elementor-element-populated\">\n\t\t\t\t\t\t<section class=\"elementor-section elementor-inner-section elementor-element elementor-element-4985a0b noprint elementor-section-boxed elementor-section-height-default elementor-section-height-default\" data-id=\"4985a0b\" data-element_type=\"section\" data-e-type=\"section\" data-settings=\"{&quot;background_background&quot;:&quot;classic&quot;,&quot;sticky&quot;:&quot;top&quot;,&quot;sticky_on&quot;:[&quot;desktop&quot;,&quot;tablet&quot;],&quot;sticky_offset&quot;:0,&quot;sticky_effects_offset&quot;:0,&quot;sticky_anchor_link_offset&quot;:0}\">\n\t\t\t\t\t\t<div class=\"elementor-container elementor-column-gap-default\">\n\t\t\t\t\t<div class=\"elementor-column elementor-col-100 elementor-inner-column elementor-element elementor-element-3cc02f6\" data-id=\"3cc02f6\" data-element_type=\"column\" data-e-type=\"column\">\n\t\t\t<div class=\"elementor-widget-wrap elementor-element-populated\">\n\t\t\t\t\t\t<div class=\"elementor-element elementor-element-0624802 elementor-widget elementor-widget-spacer\" data-id=\"0624802\" data-element_type=\"widget\" data-e-type=\"widget\" data-widget_type=\"spacer.default\">\n\t\t\t\t<div class=\"elementor-widget-container\">\n\t\t\t\t\t\t\t<div class=\"elementor-spacer\">\n\t\t\t<div class=\"elementor-spacer-inner\"><\/div>\n\t\t<\/div>\n\t\t\t\t\t\t<\/div>\n\t\t\t\t<\/div>\n\t\t\t\t<div class=\"elementor-element elementor-element-266eadb elementor-widget elementor-widget-image\" data-id=\"266eadb\" data-element_type=\"widget\" data-e-type=\"widget\" data-widget_type=\"image.default\">\n\t\t\t\t<div class=\"elementor-widget-container\">\n\t\t\t\t\t\t\t\t\t\t\t\t\t\t\t\t<a href=\"?page_id=666\">\n\t\t\t\t\t\t\t<img fetchpriority=\"high\" decoding=\"async\" width=\"512\" height=\"512\" src=\"https:\/\/www.bdas-wwsb.brussels\/wp-content\/uploads\/2024\/03\/bdas-aidesociale-fr-512.png\" class=\"elementor-animation-grow attachment-full size-full wp-image-2329\" alt=\"Aide sociale &amp; CPAS\" srcset=\"https:\/\/www.bdas-wwsb.brussels\/wp-content\/uploads\/2024\/03\/bdas-aidesociale-fr-512.png 512w, https:\/\/www.bdas-wwsb.brussels\/wp-content\/uploads\/2024\/03\/bdas-aidesociale-fr-512-300x300.png 300w, https:\/\/www.bdas-wwsb.brussels\/wp-content\/uploads\/2024\/03\/bdas-aidesociale-fr-512-150x150.png 150w\" sizes=\"(max-width: 512px) 100vw, 512px\" loading=\"eager\" \/>\t\t\t\t\t\t\t\t<\/a>\n\t\t\t\t\t\t\t\t\t\t\t\t\t\t\t<\/div>\n\t\t\t\t<\/div>\n\t\t\t\t<section class=\"elementor-section elementor-inner-section elementor-element elementor-element-3b0e538 elementor-section-boxed elementor-section-height-default elementor-section-height-default\" data-id=\"3b0e538\" data-element_type=\"section\" data-e-type=\"section\">\n\t\t\t\t\t\t<div class=\"elementor-container elementor-column-gap-default\">\n\t\t\t\t\t<div class=\"elementor-column elementor-col-100 elementor-inner-column elementor-element elementor-element-d5034e3\" data-id=\"d5034e3\" data-element_type=\"column\" data-e-type=\"column\">\n\t\t\t<div class=\"elementor-widget-wrap elementor-element-populated\">\n\t\t\t\t\t\t<div class=\"elementor-element elementor-element-261fff1 elementor-share-buttons--skin-framed elementor-share-buttons--color-custom elementor-share-buttons--view-icon-text elementor-share-buttons--shape-square elementor-grid-0 elementor-widget elementor-widget-share-buttons\" data-id=\"261fff1\" data-element_type=\"widget\" data-e-type=\"widget\" data-widget_type=\"share-buttons.default\">\n\t\t\t\t<div class=\"elementor-widget-container\">\n\t\t\t\t\t\t\t<div class=\"elementor-grid\">\n\t\t\t\t\t\t\t\t<div class=\"elementor-grid-item\">\n\t\t\t\t\t\t<div class=\"elementor-share-btn elementor-share-btn_print\" role=\"button\" tabindex=\"0\" aria-label=\"Partager sur print\">\n\t\t\t\t\t\t\t\t\t\t\t\t\t\t\t<span class=\"elementor-share-btn__icon\">\n\t\t\t\t\t\t\t\t<i class=\"fas fa-print\" aria-hidden=\"true\"><\/i>\t\t\t\t\t\t\t<\/span>\n\t\t\t\t\t\t\t\t\t\t\t\t\t\t\t\t\t\t\t\t\t\t<div class=\"elementor-share-btn__text\">\n\t\t\t\t\t\t\t\t\t\t\t\t\t\t\t\t\t\t\t<span class=\"elementor-share-btn__title\">\n\t\t\t\t\t\t\t\t\t\tImprimer\t\t\t\t\t\t\t\t\t<\/span>\n\t\t\t\t\t\t\t\t\t\t\t\t\t\t\t\t\t<\/div>\n\t\t\t\t\t\t\t\t\t\t\t\t\t<\/div>\n\t\t\t\t\t<\/div>\n\t\t\t\t\t\t<\/div>\n\t\t\t\t\t\t<\/div>\n\t\t\t\t<\/div>\n\t\t\t\t\t<\/div>\n\t\t<\/div>\n\t\t\t\t\t<\/div>\n\t\t<\/section>\n\t\t\t\t\t<\/div>\n\t\t<\/div>\n\t\t\t\t\t<\/div>\n\t\t<\/section>\n\t\t\t\t\t<\/div>\n\t\t<\/div>\n\t\t\t\t\t<\/div>\n\t\t<\/section>\n\t\t\t\t<\/div>","protected":false},"excerpt":{"rendered":"<p>La Boutique de Droit \u00e0 l\u2019aide sociale \u2013 Bruxelles met librement \u00e0 disposition un ensemble d\u2019informations et d\u2019outils pour vous aider \u00e0 conna\u00eetre vos droits \u00e0 l\u2019aide du CPAS, \u00e0 introduire une demande d\u2019aide et, au besoin, \u00e0 faire un recours contre une d\u00e9cision d\u2019un CPAS. Elle vous renseigne \u00e9galement sur l\u2019accompagnement et l\u2019aide juridique [&hellip;]<\/p>","protected":false},"author":1,"featured_media":0,"parent":0,"menu_order":7,"comment_status":"closed","ping_status":"closed","template":"elementor_header_footer","meta":{"footnotes":""},"class_list":["post-666","page","type-page","status-publish","hentry"],"_links":{"self":[{"href":"https:\/\/www.bdas-wwsb.brussels\/index.php?rest_route=\/wp\/v2\/pages\/666","targetHints":{"allow":["GET"]}}],"collection":[{"href":"https:\/\/www.bdas-wwsb.brussels\/index.php?rest_route=\/wp\/v2\/pages"}],"about":[{"href":"https:\/\/www.bdas-wwsb.brussels\/index.php?rest_route=\/wp\/v2\/types\/page"}],"author":[{"embeddable":true,"href":"https:\/\/www.bdas-wwsb.brussels\/index.php?rest_route=\/wp\/v2\/users\/1"}],"replies":[{"embeddable":true,"href":"https:\/\/www.bdas-wwsb.brussels\/index.php?rest_route=%2Fwp%2Fv2%2Fcomments&post=666"}],"version-history":[{"count":1,"href":"https:\/\/www.bdas-wwsb.brussels\/index.php?rest_route=\/wp\/v2\/pages\/666\/revisions"}],"predecessor-version":[{"id":28673,"href":"https:\/\/www.bdas-wwsb.brussels\/index.php?rest_route=\/wp\/v2\/pages\/666\/revisions\/28673"}],"wp:attachment":[{"href":"https:\/\/www.bdas-wwsb.brussels\/index.php?rest_route=%2Fwp%2Fv2%2Fmedia&parent=666"}],"curies":[{"name":"wp","href":"https:\/\/api.w.org\/{rel}","templated":true}]}}

<div data-elementor-type="wp-page" data-elementor-id="666" class="elementor elementor-666" data-elementor-post-type="page">
						<section class="elementor-section elementor-top-section elementor-element elementor-element-dbbadae elementor-section-boxed elementor-section-height-default elementor-section-height-default" data-id="dbbadae" data-element_type="section" data-e-type="section">
						<div class="elementor-container elementor-column-gap-default">
					<div class="elementor-column elementor-col-50 elementor-top-column elementor-element elementor-element-c7eaacb" data-id="c7eaacb" data-element_type="column" data-e-type="column">
			<div class="elementor-widget-wrap elementor-element-populated">
						<div class="elementor-element elementor-element-d1c8235 elementor-widget elementor-widget-text-editor" data-id="d1c8235" data-element_type="widget" data-e-type="widget" data-widget_type="text-editor.default">
				<div class="elementor-widget-container">
									<p>La Boutique de Droit à l’aide sociale – Bruxelles met librement à disposition un ensemble d’informations et d’outils pour vous aider à connaître vos droits à l’aide du CPAS, à introduire une demande d’aide et, au besoin, à faire un recours contre une décision d’un CPAS.</p><p>Elle vous renseigne également sur l’accompagnement et l’aide juridique dans vos démarches dont vous pouvez bénéficier en région de Bruxelles-Capitale.</p>								</div>
				</div>
				<div class="elementor-element elementor-element-b153d07 elementor-widget elementor-widget-heading" data-id="b153d07" data-element_type="widget" data-e-type="widget" data-widget_type="heading.default">
				<div class="elementor-widget-container">
					<h2 class="elementor-heading-title elementor-size-default">... et ses partenaires</h2>				</div>
				</div>
				<div class="elementor-element elementor-element-62b7929 elementor-widget elementor-widget-text-editor" data-id="62b7929" data-element_type="widget" data-e-type="widget" data-widget_type="text-editor.default">
				<div class="elementor-widget-container">
									<p>La Boutique de Droit à l’aide sociale – Bruxelles est développée par le Collectif solidarité contre l’exclusion – Bruxelles en partenariat avec les services d’aide juridique de première ligne <a href="https://www.ensemble.be/?page_id=1020" target="_blank" rel="noopener">Infor Droits – Solidarité contre l’exclusion</a>, de <a href="https://ladds.be/" target="_blank" rel="noopener">l’Atelier des Droits Sociaux</a> et de <a href="https://www.freeclinic.be/" target="_blank" rel="noopener">la Free Clinic</a>. Elle vise à lutter contre le non recours aux droits et bénéficie du soutien de <a href="https://www.ccc-ggc.brussels/fr" target="_blank" rel="noopener">la Commission communautaire commune</a> de la Région de Bruxelles-Capitale.</p><p>La Boutique de Droit à l’aide sociale – Bruxelles ne délivre pas d’information et de conseils juridiques individuels. Pour une aide juridique individuelle de première ligne en matière de droit à l’aide sociale en Région de Bruxelles-Capitale, nous vous invitons à vous adresser à nos associations partenaires.</p><p>Vous pouvez néanmoins nous contacter pour nous faire parvenir vos remarques individuelles relatives à notre site à l’adresse suivante&nbsp;:</p>								</div>
				</div>
				<div class="elementor-element elementor-element-d29eae4 elementor-list-item-link-inline elementor-align-start elementor-icon-list--layout-traditional elementor-widget elementor-widget-icon-list" data-id="d29eae4" data-element_type="widget" data-e-type="widget" data-widget_type="icon-list.default">
				<div class="elementor-widget-container">
							<ul class="elementor-icon-list-items">
							<li class="elementor-icon-list-item">
											<a href="mailto:contact@bdas-wwsb.brussels" target="_blank" rel="nofollow">

												<span class="elementor-icon-list-icon">
							<i aria-hidden="true" class="fas fa-envelope"></i>						</span>
										<span class="elementor-icon-list-text">contact@bdas-wwsb.brussels</span>
											</a>
									</li>
						</ul>
						</div>
				</div>
					</div>
		</div>
				<div class="elementor-column elementor-col-50 elementor-top-column elementor-element elementor-element-67d4938" data-id="67d4938" data-element_type="column" data-e-type="column">
			<div class="elementor-widget-wrap elementor-element-populated">
						<section class="elementor-section elementor-inner-section elementor-element elementor-element-4985a0b noprint elementor-section-boxed elementor-section-height-default elementor-section-height-default" data-id="4985a0b" data-element_type="section" data-e-type="section" data-settings="{&quot;background_background&quot;:&quot;classic&quot;,&quot;sticky&quot;:&quot;top&quot;,&quot;sticky_on&quot;:[&quot;desktop&quot;,&quot;tablet&quot;],&quot;sticky_offset&quot;:0,&quot;sticky_effects_offset&quot;:0,&quot;sticky_anchor_link_offset&quot;:0}">
						<div class="elementor-container elementor-column-gap-default">
					<div class="elementor-column elementor-col-100 elementor-inner-column elementor-element elementor-element-3cc02f6" data-id="3cc02f6" data-element_type="column" data-e-type="column">
			<div class="elementor-widget-wrap elementor-element-populated">
						<div class="elementor-element elementor-element-0624802 elementor-widget elementor-widget-spacer" data-id="0624802" data-element_type="widget" data-e-type="widget" data-widget_type="spacer.default">
				<div class="elementor-widget-container">
							<div class="elementor-spacer">
			<div class="elementor-spacer-inner"></div>
		</div>
						</div>
				</div>
				<div class="elementor-element elementor-element-266eadb elementor-widget elementor-widget-image" data-id="266eadb" data-element_type="widget" data-e-type="widget" data-widget_type="image.default">
				<div class="elementor-widget-container">
																<a href="?page_id=666">
							<img fetchpriority="high" decoding="async" width="512" height="512" src="https://www.bdas-wwsb.brussels/wp-content/uploads/2024/03/bdas-aidesociale-fr-512.png" class="elementor-animation-grow attachment-full size-full wp-image-2329" alt="Aide sociale &amp; CPAS" srcset="https://www.bdas-wwsb.brussels/wp-content/uploads/2024/03/bdas-aidesociale-fr-512.png 512w, https://www.bdas-wwsb.brussels/wp-content/uploads/2024/03/bdas-aidesociale-fr-512-300x300.png 300w, https://www.bdas-wwsb.brussels/wp-content/uploads/2024/03/bdas-aidesociale-fr-512-150x150.png 150w" sizes="(max-width: 512px) 100vw, 512px" loading="eager" />								</a>
															</div>
				</div>
				<section class="elementor-section elementor-inner-section elementor-element elementor-element-3b0e538 elementor-section-boxed elementor-section-height-default elementor-section-height-default" data-id="3b0e538" data-element_type="section" data-e-type="section">
						<div class="elementor-container elementor-column-gap-default">
					<div class="elementor-column elementor-col-100 elementor-inner-column elementor-element elementor-element-d5034e3" data-id="d5034e3" data-element_type="column" data-e-type="column">
			<div class="elementor-widget-wrap elementor-element-populated">
						<div class="elementor-element elementor-element-261fff1 elementor-share-buttons--skin-framed elementor-share-buttons--color-custom elementor-share-buttons--view-icon-text elementor-share-buttons--shape-square elementor-grid-0 elementor-widget elementor-widget-share-buttons" data-id="261fff1" data-element_type="widget" data-e-type="widget" data-widget_type="share-buttons.default">
				<div class="elementor-widget-container">
							<div class="elementor-grid">
								<div class="elementor-grid-item">
						<div class="elementor-share-btn elementor-share-btn_print" role="button" tabindex="0" aria-label="Partager sur print">
															<span class="elementor-share-btn__icon">
								<i class="fas fa-print" aria-hidden="true"></i>							</span>
																						<div class="elementor-share-btn__text">
																			<span class="elementor-share-btn__title">
										Imprimer									</span>
																	</div>
													</div>
					</div>
						</div>
						</div>
				</div>
					</div>
		</div>
					</div>
		</section>
					</div>
		</div>
					</div>
		</section>
					</div>
		</div>
					</div>
		</section>
				</div>

<p>La Boutique de Droit à l’aide sociale – Bruxelles met librement à disposition un ensemble d’informations et d’outils pour vous aider à connaître vos droits à l’aide du CPAS, à introduire une demande d’aide et, au besoin, à faire un recours contre une décision d’un CPAS. Elle vous renseigne également sur l’accompagnement et l’aide juridique [&hellip;]</p>
